he value of (-8 + 20 + -10 - -36) + (8 - (5 - 3))?
44
What is the value of 10 - (-14 + -25 + 30 - (52 - -3))?
74
Calculate -57 - -6 - 6 - (-27 - -24).
-54
-16 - (-109 - -86) - 72
-65
Calculate (62 - 164 - -95) + (22 - -2) + -137.
-120
Evaluate 0 + -5 + -1 + 0 + 1 + -5 + 10.
0
What is 61 + (-15 - -6) + 14 + -4 + 6 + -1?
67
-1 + 4 + (13 + 13 + -24 - -6)
11
Calculate 14992 - 14905 - (-1 + 140).
-52
Evaluate (2 - -116 - 0) + (54 - 60).
112
-18 + 18 - ((1 - (0 + 3)) + -88)
90
What is (75 - 55) + (-3 - -6) + (0 - (-12 - -2))?
33
What is the value of -21 + -99 - (4 + -2 + -11 - (-4 - -2))?
-113
-63 - (11 - (22 + -25 + 10) - 9)
-58
(-86 - -1) + (353 + -656 - -324)
-64
Evaluate -12 + (2 - 13) + (-1 - -15) - (28 - -5).
-42
-963 - -967 - ((-2 - 1) + 110 - -1)
-104
Evaluate 48 - (72 - 51) - 2.
25
What is the value of 40 + -2 - (36 + -14) - (-27 + 1)?
42
(36 + -36 - (-2 - -2) - (63 - 9)) + -11
-65
(-2 + 3 - 17) + -5 + 1 + (-15 - -9)
-26
Evaluate -64 + (-85 - -125) + (1 - -142).
119
(24 - (16 + -9 + -13 + 13)) + 3
20
What is the value of -13 - 6 - (-570 - -503)?
48
What is 1 + 7 - ((165 - 38) + -194)?
75
Calculate 28 - 1 - 0 - (7 - (150 - 151)).
19
Evaluate -9 + (1 + 8 - (9 - (9 - 3 - -8))).
5
What is the value of 23 - (39 + -21 + -53 - 16)?
74
1 + (-42 - -21 - -15) + -16 + 47
26
8 + 0 + (-3 + (-4 - 4) - 2)
-5
What is the value of 75 - (-92 - -104 - -71)?
-8
Calculate -73 - (-54 - (21 + -80)).
-78
Evaluate -16 + (-35 - -52) + (3 - 74) + -3.
-73
What is -9 + 6 + 16 - (-5 + -9 + -4)?
31
(2906 - 2951) + 10 + 2
-33
Calculate 232 + -133 - (11 + (-16 + 10 - -1)).
93
What is the value of 0 - -2 - (23 - 25 - 20) - (-4 + 4)?
24
45 + (17 - 32) + -28 + 27
29
-44 - (1 - (-6 - -1) - (-43 + 104 - 45))
-34
What is the value of -56 + (-35 + -8 - -9)?
-90
Calculate 7 - 146 - (587 - 703).
-23
What is the value of -65 + (44 + -25 - -17) - -61?
32
What is 1 - (3 + 0 + 121 - (12 - 43 - -28))?
-126
What is the value of 148 - 157 - (-1 - -4 - 4)?
-8
What is -2 + -7 + 34 + -15 + -8 + -2 + -127?
-127
What is the value of 12 - ((10 + 14 - (-8 - -1)) + -4)?
-15
Evaluate 11 + (-22 - 21) + 115 - -13.
96
(-1 - -1) + -18 + (7 - 7) + -709 + 698
-29
Evaluate 69 - -1 - (5945 - 5880).
5
Evaluate (11 - (13 + -2)) + -9 + -14.
-23
Calculate (1 - -2) + (32 + -62 - -19) + -3.
-11
What is -112 - (15 - 42 - -7) - -11?
-81
Evaluate -16 + 122 + -50 + (1 - 16).
41
What is (-13 + 166 - 125) + 80?
108
Calculate 3 - 7 - -13 - (20 + -60 - -29).
20
What is the value of 31 + -29 + -43 + 111?
70
20 + -6 + (-2 - -5) - (-1283 - -1371)
-71
What is the value of (143 - 25) + (1 + 12 - 23)?
108
Evaluate (43 - -84 - 62) + -143.
-78
What is (1 - -1 - -1) + -52 + (-12 - -69) + -51?
-43
What is -54 + (302 + -112 - 37)?
99
What is the value of (174 + -159 - (45 + -4 + 7)) + 15?
-18
Calculate 23 + -15 + -26 + 24 - (1 - (-2 - -56)).
59
-7 + -6 - 8 - (-8 + -5 + -1)
-7
Evaluate -2 + (5 + (-35 - -44) - (2 - -20)).
-10
(-1 - 70) + (-5 - 3) + 125 + -142
-96
Calculate -78 - ((-4 - -96) + -79).
-91
Evaluate -11 + 124 + -47 - 40.
26
What is the value of (17 - -5) + -16 + 7?
13
What is -50 + 29 + 6 - -69?
54
What is 233 - (-62 - (-84 + -106))?
105
0 - -7 - (67 + (-13 - -44) - 38)
-53
Evaluate -29 - -35 - (23 + 5).
-22
What is the value of 13 + -22 + (-3 + 10 - 5 - -1) - -3?
-3
What is -8 + -1 + 14 + 35 - (0 - 4)?
44
Evaluate (-24 - 25) + 696 + -499.
148
What is (2 + -4 + -19 - (1 + -2)) + (-4841 - -4844)?
-17
What is the value of -62 + 0 - ((6 - (-3 - -6)) + (-17 - -9))?
-57
What is the value of (3928 - 3966) + -7 + 0?
-45
What is the value of 334 - 295 - (72 - 3)?
-30
What is (77 - (10 + -10 - 7)) + (2 - (-9 - -18))?
77
What is the value of 333 + -324 + (-2 - (-2 + 31 + (2 - 2)))?
-22
Calculate (2 - 3) + (1473 - 1420).
52
Calculate -50 + -1 + 6 + (18 - (-4 + 2)) + -8.
-33
Calculate (8 - 13 - (-1 + -10)) + (-2 - (-79 + 3)).
80
What is the value of -2 - (3 + -5) - (-73 - -250 - 266)?
89
What is -29 + -9 + -45 + -9?
-92
What is the value of 124 + -14 + -350 + 274?
34
Calculate -48 + 48 + 0 + 10 - (-8 + -2 - -6).
14
What is the value of 35 + -79 + -19 + 17?
-46
-36 + (14 - -34) + 34
46
-2 + -19 + -9 + -751 + 665
-116
Calculate -41 + 35 - (-5 + -1 + -14) - (-8 - 4).
26
26 + -38 + -11 + -1
-24
Evaluate -142 - (-4 + 1 + -3 + -2 + (38 - 34)).
-138
Evaluate -98 + 3 + 795 + -798.
-98
What is 13 + 0 + -17 + 154 + -151 - (18 + 6)?
-25
What is the value of -3 - (1 + -9) - (-154 + -36 + 74)?
121
Evaluate 13 - (-35 - 74 - -30 - -13).
79
Evaluate -11 - -23 - 3 - 22 - ((5 - 0) + -172).
154
What is -1 + -7 + (-26 - -10 - 25) + 41?
-8
1366 + -1344 - (-34 + -2)
58
What is -29 + -1 - (53 + -109 - 57)?
83
Evaluate 3 + -3 + 1 + (355 - 349).
7
-107 + (40 + 25 - -20)
-22
Evaluate -44 - (-87 - -26) - 32.
-15
What is 8 - (0 + (11 - 8) + 9) - 28?
-32
1 + -12 + 1 + 4 - (143 + (-126 - -72))
-95
Calculate -29 + -32 + (-24 - -166).
81
90 + -74 - (-1 + 21) - (26 + -7)
-23
What is 13 - 49 - (-13 + 13 + -20)?
-16
What is the value of 45 + -1 + -3 - 10 - -68?
99
Evaluate -62 - (-2 - 7 - (-17 + 40 + -20)).
-50
Calculate 12 + (20 + -16 - 3 - 44) + (-10 - 0).
-41
What is the value of (0 - 6) + 7 + -23 + 5 + 4 + 3?
-10
What is -139 + (2 + (16 - ((-26 - -11) + 29)) - 13)?
-148
Calculate (8892 - 8657) + (-1 - 125).
109
What is 5 - 2 - (-39 - (-10 - (3 + -21 + 10)))?
40
32 - ((0 - -13) + (0 - ((6 - 17) + 23)))
31
What is the value of 12 + 6 + 3 - (-6 + 11 - (39 - 28))?
27
Evaluate (-63 - -57) + 16 - 6.
4
Evaluate 32 + 35 + -113 + 40.
-6
What is -68 - (-35 + 1 - 42)?
8
24 - -1 - (-440 - -451) - (3 - 63)
74
What is the value of 22 + -71 - -18 - (2 - -11) - (-2 + 13)?
-55
Evaluate (-2 - (1 + -1)) + -49 - (37 - 86 - -43).
-45
What is the value of -2 + -24 + (100 - 91 - -25)?
8
Evaluate -32 + (-152 - -97) + 153.
66
What is 4 - 5 - 10 - (-17 - (-11 - -6)) - 0?
1
What is the value of 15 + -5 - (7 - (2 - (-2 - 8)) - -40)?
-25
What is the value of (535 - 410) + -1 + -22 + (-11 - -4)?
95
Evaluate 171 - 80 - 11 - 61.
19
56 - 52 - (4 + (7 - -22))
-29
5 + (-4 - -5) + (-122 - -106) + 2
-8
(-1 - 33 - -89 - (-2 - 10)) + -18
49
What is (251 - 223) + 2 + (1 - 1) + -2?
28
Calculate (-50 - (-134 + 25)) + -52.
7
Calculate 11 + (-6 - (-8 + 7 + -41 + (4 - 12))).
55
What is the value of 8 + (-40 - -47 - (7 - 3 - 7)) + 133?
151
Calculate 9 + -15 + 16 - (-13 - -78).
-55
What is (-33 - -16 - (-63 + 9)) + -7?
30
Calculate -7 + 38 + -17 + 61 + (-4 - 1) + 1.
71
What is the value of 17 + (115 + -75 - 58)?
-1
Calculate 23 + -1 - (-3009 + 3052).
-21
What is 2 + 35 + (-1047 - -1143)?
133
What is the value of 1 - 25 - (-9 + (4 + -20 - -16))?
-15
What is the value of (12 - 13) + 10 + (11 + -37 - -12)?
-5
(-29 - (45 + -24)) + 47
-3
What is -25 - (-50 - (-15 - 22))?
-12
Calculate (76 - -1) + (54 - 77 - (5 + -1)) + 12.
62
41 + (-212 - -44) + 16
-111
Evaluate 8 + -33 + 5 - (-91 - -8).
63
Calculate (83 - (53 - (-35 + 26))) + 0 + -22.
-1
What is the value of -4 + 2 - 32 - (16 + (-99 - -88))?
-39
Evaluate 7 + -13 + -1 + (-22 + 26 + -9 - 45).
-57
-7 + 13 + (-17 - -3) - (2 + 74)
-84
What is the value of 14 - (26 - (7 + 88 - 27))?
56
What is the value of 54 + 1 + 1 + -1 - (-420 + 439 + -27)?
63
What is the value of (35 - (36 + -30)) + -37?
-8
Evaluate 13 - 1 - (-20 - -76).
-44
43 + -51 - (-13 - 2) - (46 - 0)
-39
Calculate (6 + 3 + -4 - (4 + 1) - 33) + -2.
-35
Evaluate 2 + -11 - (-1 + (-54 + 17 - 18)) - -7.
54
Calculate (-46 - 8 - -60 - (1 + -4)) + -19.
-10
What is -120 + -16 + 50 + (22 - 37)?
-101
Evaluate -66 + -8 + 38 + -3.
-39
What is the value of (8 - 14 - -45) + (30 - -14) + -26?
57
What is the value of -13 + (22 - (17 + (-21 - -8)))?
5
What is the value of (722 - 707) + (73 - 3 - ((3 - 4) + -4))?
90
What is the value of (9 - 2) + 5 + -7 + -15 - 27?
-37
What is the value of (66 - (19 + 16)) + (-100 - -5)?
-64
What is the value of 84 - (15 - 14) - (-1 + 9 - -7)?
68
What is (-155 - -180) + 8 + -73?
-40
166 + -173 - -39 - (-2 - -109)
-75
Calculate 20 + -165 - -101 - -59.
15
What is the value of (-58 - -29) + 34 - (3 + (-12 - 0))?
14
Evaluate -16972 + 16891 + 1 + 81.
1
What is 0 + 38 + -95 + 26?
-31
-8 - ((-3 - 1) + 9) - -29 - 11
5
-83 + 4 + (3 - (-37 + 14)) + -33
-86
What is 20 + -11 + (-4 + 13 + -13 - (-7 + 1))?
11
Evaluate -3 + (23 + -4 - 8 - -31).
39
What is the value of 197 - (-165 - -61 - -165)?
136
Eval